 v. What is the greatest common divisor of 9 and h?
9
Let p = 0 + 25. Let h = -274 - -1394. Suppose 3*x + 5*k - 805 = 0, -8*k = -4*x - 3*k + h. What is the highest common divisor of p and x?
25
Suppose 19 = 5*y - 3*c + c, -5*c + 15 = 0. Suppose 0*o + 113 = 4*o + y*u, o = 2*u + 12. Calculate the greatest common divisor of o and 66.
22
Let p(c) = -168*c - 42. Let v be p(-2). What is the highest common factor of 24 and v?
6
Suppose -y + 13 + 2 = 0. Suppose -2*t - 2*o = -22, 5*t - 4*o - 39 = -o. Calculate the greatest common divisor of t and y.
3
Let t(l) = -2*l**2 + l + 1. Let s be t(-1). Let v be ((-4)/s - -153) + -1. What is the greatest common divisor of 22 and v?
22
Suppose 15 = 18*y - 39. Let n = -5 - -11. What is the greatest common divisor of y and n?
3
Let v = -668 - -446. Let h be (-40 - v)*(-1 - (-4)/2). Let r(c) = 2*c + 10. Let t be r(8). Calculate the highest common factor of h and t.
26
Let r(k) = -2*k**3 - 31*k**2 + 13*k. Let i be r(-16). What is the greatest common divisor of 324 and i?
12
Let r be 1/(-2 - 51/(-25)). Let a be (r/(-15))/((-2)/12). What is the highest common factor of 30 and a?
10
Suppose -326 + 134 = -32*w. Suppose 3*j + 57 + 84 = 5*d, -2*d - 5*j = -75. What is the highest common divisor of d and w?
6
Suppose 5*c = 3502 + 578. Suppose -6*g = 2*g - c. What is the greatest common factor of g and 17?
17
Suppose 2*r + 5*c - 381 = 0, -514 - 89 = -3*r + 3*c. What is the greatest common factor of 72 and r?
18
Suppose 0 = -14*y + 34*y - 400. Calculate the greatest common divisor of y and 220.
20
Suppose -4*s + 5*h = -28, -5*s + 6*h - 2*h + 44 = 0. Suppose 14*g + 12 = 17*g. What is the highest common divisor of s and g?
4
Suppose 184 = -u - 134. Let t = -165 - u. What is the highest common divisor of t and 17?
17
Let m be 40/60*39/2. Let t be ((-21)/(-14))/((-6)/(-208)). What is the highest common divisor of t and m?
13
Suppose 5*m - 1646 = -216. What is the highest common factor of 88 and m?
22
Suppose -849*l + 855*l = 5070. What is the highest common divisor of l and 5?
5
Let u be (-91)/(-4) - (-9)/36. Let a = u + -12. What is the highest common divisor of 88 and a?
11
Suppose -6*w + 0 = -18. Let y(v) = 1 + 0*v + 4*v - 2. Let u be y(w). What is the greatest common divisor of u and 22?
11
Let a be (360/(-50))/(-12)*180. What is the greatest common factor of 132 and a?
12
Suppose -83 = -5*t - r, 5*t = t + 2*r + 58. Let h(l) = -29*l**3 + 22*l**3 - l**2 - 4 + 0*l**2. Let q be h(-3). Calculate the highest common factor of q and t.
16
Let u = -5 + 9. Let h = 19 - u. Calculate the highest common factor of h and 3.
3
Let o(c) = -613*c - 23. Let p be o(-1). Calculate the greatest common divisor of p and 20.
10
Suppose -3*d - 4*z + 397 = 2*d, -2*d = 3*z - 163. Let j = 78 - d. Calculate the highest common divisor of j and 8.
1
Suppose -838 = -2*c - 4*z, -5*c - 26*z = -21*z - 2080. Calculate the highest common factor of 59 and c.
59
Let x be 0 - -12 - (9 - 12). Suppose -5*o + 100 = -x. What is the greatest common divisor of 46 and o?
23
Let v(w) = w**2 + 16*w + 27. Let y be v(-14). Let k be (8/(-20))/(y/5)*10. Calculate the greatest common divisor of k and 20.
20
Suppose -143*o = -140*o + 21. Let t be (0/1)/1 - -2 - o. What is the highest common factor of 117 and t?
9
Let j be -17 + (-2)/4*-2. Let b = -495 - -521. Let d = j + b. What is the greatest common factor of d and 2?
2
Let f(x) = 3*x**2 - 3*x - 7. Let q be f(7). Suppose -b = 27 - 8. Let h = -2 - b. Calculate the highest common divisor of h and q.
17
Suppose 0 = -4*u - 5*i + 23, -5 = 2*u - 4*i + 3. Suppose g - u = -1. Suppose -30 = -0*n - n - 3*x, x + g = 0. Calculate the highest common divisor of n and 3.
3
Suppose 0 = 7*u - 69 + 209. Let f be 4/(u/(-95)) + -4. Calculate the greatest common factor of f and 105.
15
Suppose -7 = -c - 3. Suppose 512 = c*x + 2*j, 4*j + 783 - 156 = 5*x. Suppose -3*y = x - 343. Calculate the highest common factor of 9 and y.
9
Let g(i) = -31*i**3 + 3*i**2 + 2*i. Let u be g(-2). Calculate the greatest common divisor of 4 and u.
4
Suppose -2*m - 2*w = -6*w - 4, 1 = -m - w. Suppose -5*c + 236 + 204 = m. What is the greatest common divisor of c and 8?
8
Let t be (-57)/19 + (-7)/((-7)/6). Let x(c) = -6 - 3*c - 3*c + 2*c - 2*c. Let h be x(-5). Calculate the greatest common factor of h and t.
3
Let o be 5 + 86/(-18) + 3504/27. Let k be 4 - (3 + -10) - 1. What is the highest common divisor of k and o?
10
Let d(l) = -20*l - 18. Suppose -56 + 14 = 7*v. Let u be d(v). Calculate the highest common divisor of u and 68.
34
Suppose 0 = 11*a - 225 - 171. Calculate the greatest common factor of 12 and a.
12
Let o be (-12)/8*2 - -8. Suppose 5*c - 25 = 0, 5*s + o*c = 19 + 16. What is the greatest common factor of 10 and s?
2
Suppose 72 = 3*f - 0*f. Suppose 3*q + 6*q - 99 = 0. Suppose -q = 4*p - 59. Calculate the highest common factor of f and p.
12
Let m = -72 + 82. Let s be ((-105)/m)/((-2)/12) + -3. What is the greatest common divisor of 15 and s?
15
Let s(x) be the third derivative of x**4/24 - 4*x**3/3 + 11*x**2. Let c be s(16). What is the greatest common divisor of 24 and c?
8
Suppose -2664 = 3*s + 1320. Let u be 16/(-6) + 2 - s/12. Suppose -3*l + 2*l + 44 = 0. Calculate the highest common factor of l and u.
22
Suppose -2*a + a + 99 = 0. Let t = -20 - -22. Suppose -6 = -t*p + 16. What is the highest common divisor of p and a?
11
Let g be 1396/7 - ((-1740)/(-140) + -13). Let i = -29 + 109. Calculate the greatest common factor of g and i.
40
Let h = -35 - -41. Calculate the greatest common factor of h and 6.
6
Suppose f + 5*u - 22 = 0, 4*f + 12*u = 9*u + 37. Suppose 0 = -2*i + 3 - 23. Let z be ((-56)/i)/((-2)/(-10)). What is the greatest common divisor of f and z?
7
Suppose 275 = 6*u - u. Let a be (-2)/2*(-6 - -6). Suppose 0 = 3*w - 2*b - b - 45, a = b + 4. What is the greatest common factor of w and u?
11
Suppose 2*s = -r + 47, -3*s - 2*r + 68 = 2*r. Suppose 3*d = s - 3. Calculate the greatest common divisor of 35 and d.
7
Let f(t) = -t**2 + 2*t - 3. Let d be f(12). Let u = -51 + d. Let j = u - -299. What is the highest common divisor of j and 50?
25
Suppose 54*c = 14*c + 22800. Calculate the greatest common factor of 90 and c.
30
Suppose -2*z = -5*v + 725, 3*v = 16*z - 19*z + 456. Calculate the highest common factor of 21 and v.
21
Let b = 201 - 184. Calculate the highest common factor of b and 1.
1
Suppose 0 = -2*b + b - 4*o + 412, 3*b = 5*o + 1185. Suppose 3*x - 4*y - b = -x, -406 = -4*x + y. What is the highest common factor of x and 34?
34
Let v be -52*((-2 - -5) + -2). Let g be v/(-65)*(-70)/(-4). Let c be (-116)/(-28) - 2/g. What is the greatest common divisor of 2 and c?
2
Suppose f = 5*b + 63, -5*f + 4*b - b = -249. Calculate the highest common factor of 768 and f.
48
Suppose 0 = -5*x + 369 + 566. Let s = x + 245. Suppose 3*l - s = 96. Calculate the highest common divisor of l and 16.
16
Suppose -z = -5*w + 35, -8 = -w - z + 5. Suppose -380 - 140 = -w*n. Calculate the greatest common divisor of 13 and n.
13
Let z = -193 + 198. What is the highest common divisor of z and 5?
5
Let p(k) be the third derivative of 0 + 6*k**2 + 1/24*k**4 + 0*k + 1/6*k**3. Let z be p(11). What is the greatest common factor of z and 132?
12
Suppose -r + 476 = 5*f, 2*r + 0*r + 8 = 0. Let y = 4 + -3. Let d be ((-1)/(-2))/y*24. Calculate the highest common divisor of f and d.
12
Let f(z) = -13*z + 9. Let w be f(-7). Let x be -1*2/4*-110. Let j = w - x. Calculate the highest common divisor of j and 5.
5
Suppose -m = -5*l - 24, 5*m + 4*l = 6*m - 25. Let q = m + -26. Calculate the greatest common factor of 3 and q.
3
Let p(j) = 2*j**2 - 20*j + 18. Let k be p(13). Calculate the greatest common factor of 60 and k.
12
Suppose 4*g + 37 = s, 15*g - 13*g + 6 = 0. What is the highest common divisor of s and 35?
5
Let h(t) = -33*t - 150. Let o be h(-9). Calculate the highest common divisor of 21 and o.
21
Let j be (40/3)/((-4)/(-12)). Let x = j - 11. Calculate the highest common factor of 29 and x.
29
Suppose 4*q - 3*s + 114 + 103 = 0, -3*q - 165 = -3*s. Let p = q - -76. Let f = p - 12. Calculate the greatest common factor of 3 and f.
3
Suppose -32 = 8*i - 48. Suppose i*z = z + 24. What is the greatest common divisor of z and 72?
24
Suppose 1 = 14*h - 2127. What is the highest common fa